
26
Suppose j = 2*o - j - 16, 5*o + 3*j - 56 = 0. Let y = -222 - -255. Calculate the remainder when y is divided by o.
3
Suppose -3*i = -5*r + 3*r - 123, -i - 4*r + 55 = 0. Calculate the remainder when 154 is divided by i.
25
Let i = -409 - -586. What is the remainder when i is divided by 20?
17
Let h = 40 - 35. Suppose -5*p - 50 = -h*o, -5*o + 6*o - 3*p - 20 = 0. What is the remainder when 12 is divided by o?
2
Suppose 3*r = 3*d, -30 = d + 3*r + 2*r. Suppose -5*i - 2*j = -3*i - 30, 3*j = 9. Let w = i - d. Calculate the remainder when 67 is divided by w.
16
What is the remainder when 1 + 6 - (-15)/(-20)*-4 is divided by 1/3 - 55/(-15)?
2
Let i(c) = c**2 - c - 19. Suppose -4*j - l + 6*l = -42, -3*j - 2*l + 43 = 0. Let o = 21 - j. What is the remainder when 147 is divided by i(o)?
36
Let h(y) = -y**2 - 3*y + 5. Let i be h(2). Calculate the remainder when 7 is divided by (-5)/((i - -4) + 0).
2
Suppose 4*b = b + 9. Let m be 2*(b + 9/(-6)). Suppose 0 = 5*i + t - 74, -12 + 69 = 4*i + m*t. What is the remainder when i is divided by 9?
6
Suppose -67*s + 22606 = 60*s. What is the remainder when s is divided by 17?
8
Suppose 3*b + 5*y - 14 = 0, -5*y - 10 = 2*b - 7*b. Let d = b + -9. Let g = 17 + d. What is the remainder when 43 is divided by g?
10
Let j be 9/(-12) + (-23)/(-4). Let c(b) = 2*b**3 - 5*b**2 - 13*b + 4. Calculate the remainder when c(j) is divided by 34.
30
Suppose 0 = -i - 2*i + 96. Suppose 0 = -4*k, -i = -m - m + 2*k. Suppose 98 = 3*p - 3*h + 20, 2*p - 62 = -3*h. Calculate the remainder when p is divided by m.
12
Suppose -6 = -3*z + 9. Let g = z - 6. Let o = 11 + g. Calculate the remainder when 37 is divided by o.
7
Let f be 0 - 83*(-3 + 4). Let d = f - -107. Calculate the remainder when d is divided by 14.
10
Suppose -31 + 11 = -4*g. Calculate the remainder when (-154)/(-13) + 2/13 is divided by g.
2
Suppose -2*p + 26 = 2*c + 3*c, -2*p - 10 = -c. Suppose 58 = g - 5*h, 3*g = 4*g - h - 70. Calculate the remainder when g is divided by 2/c - (-222)/9.
23
Let t(i) = -2*i + 9. Let o be 1*(2 + -3 - -11). Calculate the remainder when ((-172)/o)/(6/(-15)) is divided by t(-7).
20
Let t(n) = -n**3 + 10*n**2 - 10*n + 12. Let y(s) = s**3 - 6*s**2 - 5*s - 8. Let i be y(7). Let w = i + -3. What is the remainder when w is divided by t(9)?
0
Suppose 5*k - 6*r + 5*r - 110 = 0, 3*r = k - 22. Calculate the remainder when k is divided by 14.
8
Suppose 4*b - 22 = -5*a + 133, -2*a = 5*b - 198. Calculate the remainder when b is divided by (12/(-16))/(2024/(-224) - -9).
19
Let t = -1095 + 1491. Calculate the remainder when t is divided by 38.
16
Let i(w) = -w**3 + 5*w**2 + 4*w - 4. Let d be ((-12)/(-5))/(51/170). Suppose -10*t = -d*t - 12. What is the remainder when i(5) is divided by t?
4
Suppose 0 = 4*c - 14 - 42. Let q = 0 + 26. Calculate the remainder when q is divided by c.
12
Let o = 1144 - 890. What is the remainder when o is divided by 17?
16
Suppose -207*q + 217*q = 1780. Calculate the remainder when q is divided by 44.
2
Suppose 5*d = -29 - 26. Let t = -10 - d. Let s = 39 - 38. What is the remainder when t is divided by s?
0
Let p be ((-3)/2)/(14/(-8) + 1). Suppose r + 113 = p*r. What is the remainder when r is divided by 39?
35
Let d(o) = 13*o + 238. What is the remainder when d(-13) is divided by 15?
9
Suppose 16*y = 838 - 262. Suppose -a + 2*j + 24 = 0, 0*j - y = -a - j. What is the remainder when 190 is divided by a?
30
Suppose -3*u + 0*u + 59 = 5*d, 0 = -u + 3*d + 29. What is the remainder when 435 is divided by u?
21
Let i = -60 + 64. Suppose 54 = 3*a + 2*v - 12, -i*a - v = -83. Calculate the remainder when 97 is divided by a.
17
Suppose -3*k + 7*l = 10*l - 33, 2*k - 5*l - 43 = 0. What is the remainder when 264 is divided by k?
12
What is the remainder when 151 is divided by (-4)/18 - 909/(-243)*3?
8
Let t(u) = 5*u + 4 - 2 - 3. Let f be t(1). Suppose 4*j = 5*j - f. What is the remainder when 9 is divided by j?
1
What is the remainder when (0 + 4/16)*1916 is divided by 60?
59
Let j = 11 + -3. Suppose 3*y + 130 = j*y. Let g(c) = -3*c**2 + 23*c - 14. Calculate the remainder when y is divided by g(6).
10
Let g = 197 - 120. Suppose n = 5*w - 78, 56 = 3*w + w - 4*n. What is the remainder when g is divided by w?
13
Let h = 2256 - 2251. Let g = 1 + 12. Calculate the remainder when g is divided by h.
3
Let u(m) = 2*m**3 - 23*m**2 - 29*m - 12. What is the remainder when u(13) is divided by 5?
3
Let h = 127 - 97. Calculate the remainder when h is divided by 13.
4
Suppose 0 = 3*h + h - 208. Let g(y) = y**2 + 8*y + 3. Let f be g(-5). What is the remainder when h is divided by -12*16/f + -2?
10
Suppose 635*b - 20 = 634*b. Calculate the remainder when 98 is divided by b.
18
Let p(t) = 2*t**2 + 6*t - 7. What is the remainder when p(6) is divided by 9?
2
Suppose 0 = -15*r + 13*r + 80. Let o(y) = -y**3 - y + 1. Calculate the remainder when r is divided by o(-2).
7
Suppose 8*v + 5*x + 40 = 216, -5*v + 110 = -2*x. Let p(h) = h**3 + h**2 - h - 2. Calculate the remainder when v is divided by p(2).
6
Let g = -16 + 32. Suppose -130 - 15 = -5*l. What is the remainder when l is divided by g?
13
Calculate the remainder when (-12)/(-78) + (-750)/(-26) is divided by 7.
1
Let w(a) = -a**2 - 25*a - 52. What is the remainder when 190 is divided by w(-21)?
30
Let s = -150 - -161. Suppose i - 2*i = -9. Calculate the remainder when s is divided by i.
2
Let x(s) = 29*s**2 - 9*s - 2*s + 5 - 30*s**2. Calculate the remainder when x(-9) is divided by 13.
10
Let t = 225 - 205. Calculate the remainder when 79 is divided by t.
19
Suppose 2*k - 15 = 4*y - 5*y, -21 = -y - 5*k. Calculate the remainder when 50 is divided by y.
6
Suppose -270 = -3*z - 240. What is the remainder when 177 is divided by z?
7
Let n be (-10128)/(-112) + (3/7)/(-1). Let i = 78 + -135. Let f = n + i. Calculate the remainder when 64 is divided by f.
31
Suppose -2*a - 149 = -3*x, 2*x = -x - 4*a + 125. Suppose 2 = -2*z, 5*g + 0*g - 3*z - 53 = 0. Calculate the remainder when x is divided by g.
7
Let i = 114 + -114. Suppose i = -n - 55 + 66. What is the remainder when (30/7)/((-2)/(-14)) is divided by n?
8
Suppose -47 = -4*d + 3*d. Calculate the remainder when d is divided by 2146/261 + (-4)/18.
7
Suppose -3*m + 27 = l, 16*l - 3*m = 18*l - 42. Let j = -208 - -327. Calculate the remainder when j is divided by l.
14
Suppose 4*d - 2*z - 56 = 0, 4*d - 5*z + z - 56 = 0. Suppose 5 = 4*o - 3*o. Let c = d + o. What is the remainder when c is divided by 10?
9
What is the remainder when (-19)/1026*-5988 + (-1)/(-9) is divided by 51?
9
Suppose -14*g + 53 = -339. What is the remainder when 105 is divided by g?
21
Let n(u) = -5*u**3 - 4*u**2 + 2*u - 1. Calculate the remainder when 92 is divided by n(-2).
16
Let r(l) = -l**3 + 28*l**2 - 22*l - 19. Let b be r(24). Suppose 170 - b = -23*z. Calculate the remainder when z is divided by (2/4)/((-2)/(-144)).
33
Let z(y) = -12*y + 25*y + 8 - 14*y. Let x be z(11). What is the remainder when (x/(-9))/((-2)/(-66)) is divided by 6?
5
Let a(q) = -2*q**3 - 15*q**2 + 6*q - 10. Suppose -3*u + 2*u - 3*z = 17, -u + 4*z = -4. What is the remainder when 23 is divided by a(u)?
5
Let n(p) = 12*p - 109. Calculate the remainder when 411 is divided by n(11).
20
Let g = 643 - 290. Calculate the remainder when g is divided by 51.
47
Suppose -4*h = -0*h. Let c(f) = -f + 1 - 4*f + 4*f + 16. Calculate the remainder when c(h) is divided by 9.
8
What is the remainder when 284 is divided by (-154)/(-33)*48/14?
12
Suppose 2*t + 5*s + 62 - 325 = 0, 4*t + 4*s = 496. What is the remainder when 370 is divided by t?
13
Let u(k) = 19*k**2 + 2*k. What is the remainder when 77 is divided by u(-1)?
9
Suppose 204 = n - 2*j, -n + 194 = -5*j - 13. What is the remainder when n is divided by (((-550)/(-30))/11)/((-20)/(-492))?
38
Let j(f) = -f**3 - 4*f**2 + f + 2. Let b be j(-3). Let r = 26 + b. What is the remainder when 77 is divided by r?
13
Let v = 472 - 456. Suppose 3*o - 255 = 315. Calculate the remainder when o is divided by v.
14
Let u = 84 + -7. Calculate the remainder when u is divided by 40.
37
Let n = 1573 + -1542. What is the remainder when 185 is divided by n?
30
Suppose 2*n + 9 = 3*n + j, 0 = -n - 3*j + 1. Calculate the remainder when 3208 is divided by n.
10
Suppose 2*j = d + 5, 3*j = -0*j - 3*d + 21. What is t